alculate the remainder when 321 is divided by j(7).
153
Let l(b) = -27*b**3 - 2*b**2 + 6*b + 7. Let j = -191 + 190. Calculate the remainder when 128 is divided by l(j).
24
Calculate the remainder when (1 + -4)*8146*((-11)/66)/1 is divided by 9.
5
Calculate the remainder when -10 + 4 + 299 - (6/2 - 3) is divided by 42.
41
Let y = 68 + -42. Suppose -2*u = -3*u - 180. Let j = u - -283. What is the remainder when j is divided by y?
25
Let f(v) = -5*v**2 + 18*v + 54. Let x(z) = -4*z**2 + 18*z + 52. Let a(b) = -2*f(b) + 3*x(b). What is the remainder when 132 is divided by a(10)?
20
Suppose 0 = -184*c + 231*c - 1645. What is the remainder when 16056/27 - (4/(-3) - -2) is divided by c?
34
Let s = 22917 - 22878. Calculate the remainder when 1432 is divided by s.
28
Let q = 27267 - 23434. Calculate the remainder when q is divided by 1273.
14
Let p(u) = -6*u**3 + 7*u**3 - 3*u - 1 + 4 + 3*u**3. Suppose q + 6 = 9. Calculate the remainder when p(q) is divided by 13.
11
Calculate the remainder when 267 is divided by 4690/84 - 20/24.
47
Suppose f - 4 = -4*z, 0*f = 3*z - f - 10. Let t = 899 + -891. What is the remainder when t is divided by z?
0
Let a = -9703 - -9771. Calculate the remainder when 202 is divided by a.
66
Let g(c) = 1511*c - 5751. Calculate the remainder when 2920 is divided by g(4).
283
Let l(s) = 29*s**2 + 9*s - 8. Let k be l(1). Suppose -k*w + 33*w = 105. Calculate the remainder when 93 is divided by w.
23
Suppose -5*a = 26*a - 1116. Let t = 220 - 120. What is the remainder when t is divided by a?
28
Let q(s) = -s**3 + 9*s**2 - 7*s + 1. Let z be q(8). Let x be (-5)/(-4 + 5)*z. Let d = 78 + x. Calculate the remainder when d is divided by 6.
3
Suppose 3*t = -2*l + 1583 + 1774, -3*t = -5*l - 3357. Calculate the remainder when t is divided by 40.
39
Let f = -43 + 68. Suppose 3*c - 4*v = 36, -21*v = -4*c - f*v + 48. What is the remainder when c is divided by 4?
0
Let l = -9523 - -9534. What is the remainder when 27 is divided by l?
5
Suppose -6*c + 12 - 6 = 0. Let u(j) = 2*j + 9. Calculate the remainder when u(c) is divided by 7.
4
Suppose 24 = -3*g + 95 + 58. What is the remainder when g is divided by 13 - (-2)/((-2)/2)?
10
Suppose 2*q - 3*r - 7 - 14 = 0, -q - 5*r + 4 = 0. Suppose 7*z + 9 = 6*z. What is the remainder when (-254)/z + (-2)/q is divided by 8?
4
Suppose -2*f = -2*z + 18, -5*z - 27 = -2*f - 39. Let a(v) = -9*v - 98. What is the remainder when 39 is divided by a(f)?
0
Suppose -11*z + w + 1004 = 0, -188 = 4*z - w - 555. What is the remainder when 469 is divided by z?
14
Calculate the remainder when (-8 - (1 - (-3 + -71)))*-1 is divided by 173/6 + 1/6.
25
Let b(h) = 16*h + 2082. What is the remainder when 368 is divided by b(-125)?
40
Let j(u) = -41*u - 1. Let p be j(3). Let i = p - -140. What is the remainder when 51 is divided by i?
3
Let d(p) = p**3 - 3*p**2 - 7*p + 3. Let m = 626 - 622. What is the remainder when d(5) is divided by m?
2
Suppose 0 = 3*l + 5*y - 2, 0*l - 20 = -4*l + 2*y. Suppose -l*u - u = 305. Let o = 76 + u. What is the remainder when o is divided by 6?
3
Let t(y) = -81*y - 30. Let d be t(3). Let s = d - -387. Calculate the remainder when s is divided by 1/2 - (-45)/2.
22
Let a be (4 - 4) + (-10 - 346). Let w = a + 460. What is the remainder when w is divided by 54/(1 - 1/(-2))?
32
Let g(c) = 123*c + 33. Let u be -4 - (4/(-6))/(8/72). What is the remainder when g(u) is divided by 15?
9
Let h(y) = 55*y + 365. Let o(r) = r**3 - 4*r**2 - 4*r + 4. Let c be o(5). What is the remainder when h(-6) is divided by (c/(-5))/(1/(-5))?
8
Suppose -7*s = -8*s - 4. Calculate the remainder when (10 + -94)/4*-2 is divided by 77/5 + s/10.
12
Suppose 5*q - 4*b = 51, -2*q = -6*q - 3*b + 16. Suppose q*a = 5*a + 100. What is the remainder when 148 is divided by a?
48
Let s = 2055 - 2029. Calculate the remainder when 320 is divided by s.
8
Let a = -3843 - -4233. Calculate the remainder when 783 is divided by a.
3
Suppose -2*s + s + 4 = 3*r, 5 = -s. Suppose 2*n + 3*g + 202 = 0, -r*n + 2*g - 372 = n. What is the remainder when 258/10 + 4 + n/25 is divided by 11?
4
Let g = -306 - -247. Let j = -38 - g. Calculate the remainder when j is divided by 11.
10
Let o = 305 - 161. Calculate the remainder when (74/(-8) + 1)/((-27)/o) is divided by 15.
14
Let r = 903 - 734. What is the remainder when r is divided by 7?
1
Suppose -36 - 32 = -4*v. Let i = 623015 + -622763. What is the remainder when i is divided by v?
14
Suppose 0 = g + 4*g - 405. What is the remainder when g is divided by ((-3)/(-1))/((-445)/(-445))?
0
Suppose 5*g - 7*h = -4*h + 164, 4*g - 3*h - 130 = 0. Calculate the remainder when (2 + 24/(-16))*(-2 + 208) is divided by g.
1
Suppose 57 = -12*b - 87. Suppose 2*r = 2*g - 106, 0*g - 2*r = -g + 55. What is the remainder when g is divided by b/54 + 490/18?
24
What is the remainder when 190 + -29 + (-11 - 0) is divided by 39?
33
Suppose 2*b + 2 = -0*b, 0 = -3*q + 5*b + 83. Suppose q + 10 = 4*a. Let p = -147 - -163. Calculate the remainder when p is divided by a.
7
Suppose 0 = 2*r - 5*j - 52, 3*j = 2*j - 2. What is the remainder when 4/(-5) - (-2620)/25 is divided by r?
20
Let g = 90 + -106. What is the remainder when 251 is divided by 185/(-40) + 5 + (-266)/g?
13
Let k(o) = 2*o**2 - 107*o + 732. Calculate the remainder when 482 is divided by k(51).
5
Let k be (-24)/((9/4)/(-9)). Suppose k = 31*r - 23*r. Calculate the remainder when r is divided by 8.
4
Let i = -35730 + 35749. What is the remainder when 298 is divided by i?
13
Suppose -2*t - 17*t - 2884 + 7083 = 0. Calculate the remainder when 226 is divided by t.
5
Suppose -14*f + 17*f = 2*l + 144, 144 = 3*f + 2*l. Suppose 2*d - 2*m = 46, -5*d + 0*d + 91 = m. Let q = d - 1. What is the remainder when f is divided by q?
12
Let l = -23607 + 23659. Let j(n) = -n**2 + 12*n - 9. Let m be j(6). Suppose 2*i - m = 29. Calculate the remainder when l is divided by i.
24
Suppose -565*n - 287*n = -77532. Let w = 544 - 265. What is the remainder when w is divided by n?
6
Let l = 6634 + -6594. What is the remainder when 1151 is divided by l?
31
Let b(u) = u**3 - 12*u**2 - 18*u + 70. Let d be b(13). Suppose 41 + 45 = 2*v + 5*w, -d*v - 5*w = -200. What is the remainder when 149 is divided by v?
35
Let u(o) = -3*o + 41. Let d be u(12). Suppose -2*i + d = 1. Suppose 6 = i*c, 2*z - 5*c = -z - 3. Calculate the remainder when 19 is divided by z.
3
Suppose -14*m + 111780 = 4*m. Suppose 48*q - m = 2*q. What is the remainder when q is divided by 138/4 + 2/(-4)?
33
Suppose 37*t - 33*t + 78 = h, -t - 428 = -5*h. What is the remainder when h is divided by 16?
6
Suppose 3*h - 13*c - 2700 = -10*c, c = 5*h - 4484. What is the remainder when h is divided by 10?
6
Suppose -1986 = 80*k - 87*k - 2*a, -3*k + 849 = 3*a. Calculate the remainder when k is divided by 68.
12
Suppose -47*b + 2880 = -29*b. Suppose 2*j + 4*o - 5*o - b = 0, -4*j + o = -318. What is the remainder when j is divided by 47?
32
What is the remainder when 178 is divided by 10/520*39 + (-65)/(-4)?
8
Suppose -9*l + 6*l = -15. Suppose -l*n = 25, 2*n = -4*h + h + 110. What is the remainder when 118 is divided by h?
38
Suppose -5*q = s + 12, 5*s - 180 = -17*q + 16*q. Calculate the remainder when (0 - (-2)/(-3))*-183 is divided by s.
8
Suppose 0 = -u + 4*v + 105, -4*u = -5*v - 5 - 393. Calculate the remainder when 396 is divided by u.
8
Suppose 63 = 5*r + 13. Let o = 1 + r. Suppose 3*s - o = 5*a, -20 = -a - 3*a. Calculate the remainder when 23 is divided by s.
11
Let a = -362 - -574. Let q = 306 - a. Suppose z = p - 17, -5*p - 2*z = -z - 79. What is the remainder when q is divided by p?
14
Suppose 44223 = 22*a - 42809. Calculate the remainder when a is divided by 30.
26
Let w = 613 - 611. Suppose w*a + 5*r = -0*a + 102, -2*r = a - 49. Calculate the remainder when 326 is divided by a.
39
Suppose 3*r - 174 - 60 = 0. Suppose 0 = -4*z - 8, z - 4356 = -5*u - 4278. Calculate the remainder when r is divided by u.
14
Suppose 167*m = 124*m + 1750 + 1045. Calculate the remainder when 2599 is divided by m.
64
Let z(v) be the third derivative of -19*v**4/12 - 5*v**3/2 - v**2 + 89*v. Calculate the remainder when z(-7) is divided by 63.
62
Let r(x) = -36*x - 136. Let j(n) = 7*n**3 - 6*n - 5. Let f be j(-1). Calculate the remainder when 152 is divided by r(f).
72
Let c = -8